- 6. Let m(z) = 1 - 8 - 3*z + 6*z. Let o(s) = -7*s + 15. Let p(h) = 5*m(h) + 2*o(h). Let d(l) = 6*p(l) - 5*t(l). Give d(-4).
16
Let q(p) = 11*p + 10. Let l(u) = 9*u + 8. Let s be 15*(-6)/54*3. Let k(w) = s*l(w) + 4*q(w). Let a be 1 + (-3*1 - 0). What is k(a)?
2
Let a = 297 + -294. Suppose 5*m - 15 = 5*s, 4*m - 12 = a*s + 3. Let q(j) = j - 1. Determine q(m).
5
Let i be (-1 + 6/(-4))*160/200. Let o(d) = 7*d + 1. Let r(m) = -35*m - 5. Let v(h) = -11*o(h) - 2*r(h). What is v(i)?
13
Let n(k) be the second derivative of -30*k - 11/6*k**3 + 1/12*k**4 + 0 + 15/2*k**2. Calculate n(10).
5
Let l(q) = 10*q**3 + 2*q - 2. Suppose 61*z = -2*k + 59*z - 2, -k + 4*z + 9 = 0. Determine l(k).
10
Let v(a) be the first derivative of -2*a**3/3 - 11*a**2/2 - 19*a - 840. Determine v(-2).
-5
Let d(o) = -1735 + 896 + 829 + 8*o. Determine d(1).
-2
Let j(r) = 0*r**2 + 157*r - 158*r - 4*r**2. Suppose 2*t + 32 = -5*f + 45, -t = -4. Calculate j(f).
-5
Let h be 37/7 + (0 - (-4)/(-14)). Suppose -5*l - 8 = -x, 10*x - h*x = 2*l + 17. Let j(i) = -x + 16*i - 15*i + 3. Determine j(-2).
-2
Suppose -4*b - 37 = 5*o, 2*b + 4*o = -b - 28. Let s(u) = 3*u - 25. Let k(y) = 2*y - 17. Let a(q) = b*k(q) + 5*s(q). Let i be 0/((4 - -4)/(-4)). Give a(i).
11
Let z(c) be the first derivative of 7*c**2 - 26*c + 6096. Calculate z(7).
72
Let j be (-560)/(-90) - (-14)/(-63). Let w(v) = 0*v - 5*v + v - j*v + 5 + v**2. Calculate w(10).
5
Let j be 3 + -2 - 1*-2*3. Suppose 3*y + j = 10. Let z(g) = 1. Let n(b) = -b - 9. Let s(f) = y*n(f) + 2*z(f). Give s(-6).
-1
Suppose -4*j - 3 = -z, 2*j - 4 = 4*z + 12. Let x(s) = 3*s**2 - 3*s - 10. What is x(j)?
8
Let h(n) = -n**3 - 79*n**2 - 52*n - 169. Let o(i) = -2*i**3 - 151*i**2 - 102*i - 333. Let y(z) = 11*h(z) - 6*o(z). Calculate y(-36).
-5
Let m = -8339 + 8342. Let s(z) be the second derivative of 0 + 1/3*z**m - 24*z + 3/2*z**2. What is s(-4)?
-5
Let o(p) = -p**3 + 10*p**2 - 2*p - 1. Suppose -4*j - 5*t = 0, 3*j = -3*t + 8*t. Suppose -4*x = b - 8 - 2, 4*b - 2*x - 40 = j. Give o(b).
-21
Let m(n) = -7*n**3 - 27*n**2 - 3*n - 20. Let v(x) = 10*x**3 + 40*x**2 + 3*x + 31. Let p(y) = -7*m(y) - 5*v(y). What is p(-12)?
57
Let s(t) = 13*t - 23*t + 6*t - 4 + t**3 + 15*t**2 + 16*t + 41*t. What is s(-9)?
5
Let n = -63 - -67. Suppose -n*p - 57 = -5*k + 7, -10 = -k - 2*p. Let t be 8/k - (-2)/(-3). Let a(l) = -l**3 + 13. Determine a(t).
13
Let a(o) be the second derivative of -29*o**3/6 - 115*o**2/2 - 3154*o. Determine a(-4).
1
Let m(v) be the third derivative of 1/4*v**4 + 1/6*v**3 + v**2 + 0 - 1/30*v**5 + 25*v - 1/120*v**6. Give m(-3).
-8
Suppose 15*r - 15 = 10*r + 4*s, 2*r - 29 = -3*s. Let t(o) = -3 + 6 + 0 - 6*o - 4 + o**2. Give t(r).
6
Let j(x) = -x**3 - 31*x**2 - 72*x - 401. Let m be j(-29). Let b(l) = l**3 - 4*l**2 + 7*l - 10. Calculate b(m).
50
Let l(a) = a**2 + 4*a - 4. Let i(r) = -3*r**2 - 9*r + 8. Let g(n) = 2*i(n) + 5*l(n). Suppose 32 = 2*p + 140. Let x = 57 + p. Give g(x).
-7
Let u(n) = n - 1. Let f = -150 - -136. Let q be ((-20)/(-35))/((-1)/f). What is u(q)?
7
Let d = 5 + -6. Let n be (-1)/2*(1 + d). Let w(l) = -l**2 + 5*l - 7*l + l**3 + 3*l - 72 + 76. Give w(n).
4
Let w(h) = 25 - 4*h**2 + 3*h - 9217*h**3 - 6*h**2 + 4608*h**3 + 15 + 4607*h**3. Calculate w(-4).
-4
Let s(c) = 34*c - 18. Let r(b) = -7*b - 1. Let i(p) = 4*r(p) + s(p). Determine i(5).
8
Suppose 2*h + 2 = 2*o, -4 = -4*o + 3*h + 3. Let b(d) be the first derivative of d**4/4 - d**3/3 - 5*d**2/2 + 3*d + 4970. Determine b(o).
31
Suppose 4*l = -457 + 437. Let p be (-1 - l/3)*3/(-1). Let f(q) = -2*q**3 - q**2 - 3*q - 3. What is f(p)?
15
Let y(p) = 3*p**2 - 119*p + 73. Suppose -3*m - 18 = 0, -98 - 10 = -2*d + 5*m. Give y(d).
-5
Let m(b) be the first derivative of b**3 - 39*b**2/2 - 10*b + 9382. Calculate m(12).
-46
Let g(d) = d**3 - 15*d**2 + 28*d - 34. Let w be 82/6 - 172/258. Determine g(w).
-8
Let y(n) = 3*n - 23. Suppose 49470*j - 185 = 49433*j. Give y(j).
-8
Let b(f) = f**3 - 6*f**2 - 2*f + 10. Let n = -16372 - -16377. What is b(n)?
-25
Let p(m) be the third derivative of 0*m + 2/3*m**4 + 0*m**3 + 25*m**2 + 0. Let i be 15/(-45) + ((-48)/9)/(-4). Determine p(i).
16
Let a(p) = -p**3 + 9*p**2 + 11*p - 7. Let q be a(10). Let j be (-122)/q*(-5)/(60/(-18)). Let f = -63 - j. Let y(h) = -h - 1. Determine y(f).
1
Let c be 8/6 + 30/18. Suppose c*p = 2*v + 44, 4*v = -3*p - p + 32. Let b be p/(-15)*45/(-6). Let s(f) = f**2 - 3*f - 8. Determine s(b).
10
Let y = -18 + 16. Let n be (2/6)/(y/(-18)). Let g(i) be the third derivative of 5*i**4/24 - i**3/2 + 236*i**2. Determine g(n).
12
Let i(z) = -5*z. Let n be (13 - 22)*4/(-9). Suppose -2 - 16 = -3*m + n*j, -2*m = -5*j - 19. Calculate i(m).
-10
Let y(o) = -o + 7. Suppose -4*s = 3*b - 21, -4*s = -0*s. Suppose -5*i + 17 - b = 0. Suppose -5*k = 4*r - 29, 1 = -i*k + 3. Determine y(r).
1
Let m(t) = t + 11. Let z = -272 - -147. Let v = -130 - z. Calculate m(v).
6
Let q be (-6)/((-21)/(-6) + -2). Let m(u) be the second derivative of u**4/6 - u**3/6 + 9*u**2 - 23*u. Let n(d) be the first derivative of m(d). Determine n(q).
-17
Let r = -16 + 76. Let x be ((-36)/r)/((1 + 1)/(-10)). Let c(k) = -k**2 + k + 2. Let n be c(x). Let o(t) = -t**3 - 4*t**2 - 5*t + 1. Determine o(n).
21
Let y be (1 - 2) + (-36)/(-4). Let x(s) = y*s + s**2 - 6 - 4*s + 1. Let t = 11351 + -11356. What is x(t)?
0
Let g(y) = y**3 + 5*y**2 + 6*y + 4. Let m(c) = -5*c - 33. Let u be m(-8). Suppose -3*p + 2*i - u - 7 = 0, 4*p + 20 = 4*i. Calculate g(p).
-4
Suppose 8 = -3*m + 35. Let k be ((-15)/m - -2)*3 - 1. Let h(p) = -4*p**3 - 3*p - 21. Let u(n) = -n**3 - n. Let q(f) = -h(f) + 3*u(f). Determine q(k).
21
Let t(f) = -6*f**3 - 2*f**2 + 4*f - 1. Suppose 5*a + 6 = -4*h, 1 = -2*a - 20*h + 17*h. Give t(a).
31
Let z(n) be the first derivative of 10*n**2 - 102*n + 1117. Give z(5).
-2
Let q(h) = -2*h + 4. Let c = 1395 + -1399. Calculate q(c).
12
Let f(x) be the second derivative of -1/6*x**3 + 1/20*x**5 + 1/24*x**4 - 20*x**2 + 0 + 2*x. Let s(u) be the first derivative of f(u). Determine s(1).
3
Let h(w) = -w**3 - 8*w**2 - 6*w + 8. Let l(q) = -5*q + 23. Let y = -571 + 577. Let d be l(y). Determine h(d).
1
Let f(b) be the second derivative of -b**5/20 + b**3/3 - 88*b - 1. Let l be (-6)/(-6)*(1 - 3)/(-1). Calculate f(l).
-4
Suppose f + 5*u - 6 = 0, -4*f + 8 = 3*u + 35. Let h(g) = 29*g - 13. Let i be h(2). Let z(j) = 0*j + 3*j - 2*j - i - 54 + 94. What is z(f)?
-14
Let b be 24/(-8) - 72/(-9). Let s(n) = -2*n - 1. Give s(b).
-11
Suppose 4*t + 4*q = -80, 2*q = -5*t - 89 + 1. Let k(h) = -h**3 - 15*h**2 + 16*h - 7. What is k(t)?
-7
Let t = 609 + -601. Let m(s) = -s + t - 1 - 9 + 3 - 4*s. Determine m(-1).
6
Suppose 0 = -5*b + 4*p + 23, -2*p = 5*b + 5 - 16. Let f(w) = w + 4. Let l(a) = 194*a - 2 - 392*a + 3 + 199*a. Let i(h) = b*l(h) - f(h). Calculate i(1).
1
Let f = -8485 + 8480. Let c(p) = -p**3 + 7*p + 14. Determine c(f).
104
Let f be (56/10)/((-20)/(-150)). Suppose 0 = -43*w + f*w + 4. Let b(i) = 6*i + 12. Let o(p) = p + 2. Let j(v) = -b(v) + 4*o(v). What is j(w)?
-12
Let r(l) = -l + 16. Let d(g) = 6*g + 121. Let f(u) = d(u) - 6*r(u). Determine f(-10).
-95
Suppose 5*b + 135 = 8*b. Let z = 47 - b. Let o(x) = -x**2 + x - 3*x + 5*x - 1 - z*x. What is o(1)?
-1
Let u(d) = 2*d**2 + 3*d + 9. Let z be (-4 - 1)/((-8)/(-152)*19). Determine u(z).
44
Let g(l) be the first derivative of l**2 - 4*l + 1. Let o(z) = z**3 + 3*z**2 - 305*z - 23. Let d be o(-19). Determine g(d).
-12
Let t(x) = -2*x - 9. Let p(u) = 46*u - 2497. Let c be p(54). Calculate t(c).
17
Let r(s) = 15*s + 23. Let b(x) = -5*x - 8. Let z(c) = 11*b(c) + 4*r(c). Let m(k) = -k + 8. Let t be m(3). Suppose -5 = 2*n + t, -3*p + 14 = -n. What is z(p)?
19
Let p(x) = -12 + 13 - 143*x**2 + 132*x**2 + x. What is p(-1)?
-11
Let w(g) = 4*g**2 + 56*g + 74. Let b be w(-2). Let i(k) = -14*k - 307. What is i(b)?
1
Let k be ((-760)/(-30) - 18) + ((-6)/(-9))/(-2). Let q(v) = -4 - 6*v - 1 + 7*v. Determine q(k).
2
Let d(r) = 409*r**2 + 515*r**2 - 933*r**2 - 2. What is d(3)?
-83
Let k(m) = -2*m + 11. Let l = 1220 + -1228. Give k(l).
27
Suppose -40*s - 7 = -41*s. Suppose -s*q - 3*q + 50 = 0. Let y(a) = -q*a + 10*a - 2*a + 2 - a. What is y(-3)?
-4
Let v(m) = -158*m - 31. Let j(u) = -45*u - 1. Let g(p) = 3*j(p) - v(p). Calculate g(-2).
-18
Suppose 0 = -3*s - 3*d + 42, 8*s - 4*s + 5*d = 55. Let a b